{"id":1125,"date":"2017-08-23T06:11:27","date_gmt":"2017-08-23T06:11:27","guid":{"rendered":"https:\/\/wawkomp.szubin.net\/?page_id=1125"},"modified":"2024-10-02T07:30:07","modified_gmt":"2024-10-02T07:30:07","slug":"aktualnosci","status":"publish","type":"page","link":"https:\/\/wawkomp.szubin.net\/?page_id=1125","title":{"rendered":"Aktualno\u015bci"},"content":{"rendered":"<hr \/>\n<p>9 lutego 2024 r.<\/p>\n<p>WawKomp sponsorem konkursu &#8222;Stop Cyberprzemocy&#8221; w Szkole Podstawowej w Mycielewie i Zespole Szk\u00f3\u0142 Ponadgimnazjalnych im. prof. E. Chroboczka w Szubinie.<br \/>\nWi\u0119cej na stronie szko\u0142y <a href=\"https:\/\/mycielewo.pl\/?p=41730\">SP Mycielewo<\/a> i <a href=\"https:\/\/zsszubin.edupage.org\/news\/?gtnid=429\">ZS Szubin<\/a>.<\/p>\n<hr \/>\n<p>W 2023 roku stali\u015bmy si\u0119 cz\u0119\u015bci\u0105 sieci <a href=\"https:\/\/www.alsen.pl\/sklepy\/wawkomp-sklep-komputerowy-szubin\">Alsen<\/a>. Dzi\u0119ki wsp\u00f3\u0142pracy poszerzamy zasi\u0119g dzia\u0142ania naszej firmy oraz uzyskali\u015bmy konkurencyjne ceny naszych produkt\u00f3w.<\/p>\n<hr \/>\n<p>3 kwietnia 2023 r.<\/p>\n<p>WawKomp sponsorem konkursu &#8222;Stop Uzale\u017cnieniom od Smartfona&#8221; w Szkole Podstawowej w Mycielewie i Zespole Szk\u00f3\u0142 Ponadgimnazjalnych im. prof. E. Chroboczka w Szubinie.<br \/>\nWi\u0119cej na stronie szko\u0142y <a href=\"http:\/\/www.mycielewo.pl\/?p=35906\">SP Mycielewo<\/a> i <a href=\"https:\/\/zsszubin.edupage.org\/news\/?eqa=d2lkPW5ld3NfUGFnaW5hdG9yXzEmbmV3c2FyY2hpdmVmPTIwMjMtMDQmb2Zmc2V0X25ld3NfUGFnaW5hdG9yXzE9MjA%3D\">ZS Szubin.<\/a><\/p>\n<hr \/>\n<p>23 czerwca 2022 r.<\/p>\n<p>WawKomp sponsorem konkursu \u201eStop Cyberprzemocy\u201d w Szkole Podstawowej w Mycielewie i Zespole Szk\u00f3\u0142 Ponadgimnazjalnych im. prof. E. Chroboczka w Szubinie.<br \/>\nWi\u0119cej na stronie szko\u0142y <a href=\"http:\/\/www.mycielewo.pl\/?p=31801\">SP Mycielewo<\/a> i <a href=\"https:\/\/zsszubin.edupage.org\/news\/?gtnid=56\">ZS Szubin<\/a>.<\/p>\n<hr \/>\n<p>20.09.2020 r.<\/p>\n<p style=\"text-align: center;\">Firma WawKomp sponsorem Konkursu graficznego w Szkole Podstawowej w Mycielewie.<br \/>\n<a href=\"http:\/\/www.mycielewo.interman.com.pl\/?p=27677\">wi\u0119cej szczeg\u00f3\u0142\u00f3w<\/a><\/p>\n<hr \/>\n<p>20.08.2017 r.<\/p>\n<p>Firma WawKomp sponsorem\u00a0<a class=\"blue_14 newTitle\" href=\"http:\/\/itvszubin.pl\/pl\/15_fotorelacje\/96_sport\/5460_puchar_polski_strongman_szubin_2017.html#\"><b>Pucharu Polski Strongman &#8211; Szubin 2017<\/b><\/a><\/p>\n<p><img loading=\"lazy\" decoding=\"async\" class=\"aligncenter size-full wp-image-1130\" src=\"https:\/\/wawkomp.szubin.net\/wp-content\/uploads\/2017\/08\/baner.jpg\" alt=\"\" width=\"1024\" height=\"680\" srcset=\"https:\/\/wawkomp.szubin.net\/wp-content\/uploads\/2017\/08\/baner.jpg 1024w, https:\/\/wawkomp.szubin.net\/wp-content\/uploads\/2017\/08\/baner-300x199.jpg 300w, https:\/\/wawkomp.szubin.net\/wp-content\/uploads\/2017\/08\/baner-768x510.jpg 768w\" sizes=\"auto, (max-width: 1024px) 100vw, 1024px\" \/><\/p>\n<p><iframe loading=\"lazy\" title=\"Puchar Polski Strongman 2017 w Szubinie\" width=\"500\" height=\"281\" src=\"https:\/\/www.youtube.com\/embed\/v4G9Z33YYzM?feature=oembed\" frameborder=\"0\" allow=\"accelerometer; autoplay; clipboard-write; encrypted-media; gyroscope; picture-in-picture; web-share\" referrerpolicy=\"strict-origin-when-cross-origin\" allowfullscreen><\/iframe><\/p>\n<hr \/>\n<p>11.06.2017 r.<\/p>\n<p>Firma WawKomp sponsorem\u00a0<a title=\"Permalink to Festyn na rozpocz\u0119cie obchod\u00f3w jubileuszu\" href=\"http:\/\/www.mycielewo.interman.com.pl\/?p=19469\" rel=\"bookmark\">Festynu na rozpocz\u0119cie obchod\u00f3w jubileuszu<\/a>\u00a0100 lat Szko\u0142y w Mycielewie.<\/p>\n<p><img loading=\"lazy\" decoding=\"async\" class=\"aligncenter size-full wp-image-1132\" src=\"https:\/\/wawkomp.szubin.net\/wp-content\/uploads\/2017\/08\/szkola.jpg\" alt=\"\" width=\"800\" height=\"536\" srcset=\"https:\/\/wawkomp.szubin.net\/wp-content\/uploads\/2017\/08\/szkola.jpg 800w, https:\/\/wawkomp.szubin.net\/wp-content\/uploads\/2017\/08\/szkola-300x201.jpg 300w, https:\/\/wawkomp.szubin.net\/wp-content\/uploads\/2017\/08\/szkola-768x515.jpg 768w\" sizes=\"auto, (max-width: 800px) 100vw, 800px\" \/><\/p>\n","protected":false},"excerpt":{"rendered":"<p>9 lutego 2024 r. WawKomp sponsorem konkursu &#8222;Stop Cyberprzemocy&#8221; w Szkole Podstawowej w Mycielewie i Zespole Szk\u00f3\u0142 Ponadgimnazjalnych im. prof. E. Chroboczka w Szubinie. Wi\u0119cej na stronie szko\u0142y SP Mycielewo i ZS Szubin. W 2023 roku stali\u015bmy si\u0119 cz\u0119\u015bci\u0105 sieci Alsen. Dzi\u0119ki wsp\u00f3\u0142pracy poszerzamy zasi\u0119g dzia\u0142ania naszej firmy oraz uzyskali\u015bmy konkurencyjne ceny naszych produkt\u00f3w. 3&hellip; <a class=\"continue\" href=\"https:\/\/wawkomp.szubin.net\/?page_id=1125\">Continue Reading<span> Aktualno\u015bci<\/span><\/a><\/p>\n","protected":false},"author":1,"featured_media":0,"parent":0,"menu_order":0,"comment_status":"closed","ping_status":"closed","template":"","meta":{"footnotes":""},"class_list":["post-1125","page","type-page","status-publish","hentry"],"_links":{"self":[{"href":"https:\/\/wawkomp.szubin.net\/index.php?rest_route=\/wp\/v2\/pages\/1125","targetHints":{"allow":["GET"]}}],"collection":[{"href":"https:\/\/wawkomp.szubin.net\/index.php?rest_route=\/wp\/v2\/pages"}],"about":[{"href":"https:\/\/wawkomp.szubin.net\/index.php?rest_route=\/wp\/v2\/types\/page"}],"author":[{"embeddable":true,"href":"https:\/\/wawkomp.szubin.net\/index.php?rest_route=\/wp\/v2\/users\/1"}],"replies":[{"embeddable":true,"href":"https:\/\/wawkomp.szubin.net\/index.php?rest_route=%2Fwp%2Fv2%2Fcomments&post=1125"}],"version-history":[{"count":14,"href":"https:\/\/wawkomp.szubin.net\/index.php?rest_route=\/wp\/v2\/pages\/1125\/revisions"}],"predecessor-version":[{"id":1586,"href":"https:\/\/wawkomp.szubin.net\/index.php?rest_route=\/wp\/v2\/pages\/1125\/revisions\/1586"}],"wp:attachment":[{"href":"https:\/\/wawkomp.szubin.net\/index.php?rest_route=%2Fwp%2Fv2%2Fmedia&parent=1125"}],"curies":[{"name":"wp","href":"https:\/\/api.w.org\/{rel}","templated":true}]}}