{"id":1592,"date":"2024-10-02T08:46:20","date_gmt":"2024-10-02T08:46:20","guid":{"rendered":"https:\/\/wawkomp.szubin.net\/?page_id=1592"},"modified":"2024-10-02T08:47:32","modified_gmt":"2024-10-02T08:47:32","slug":"wyglad-firmy-przed-wydluzeniem-paczkomatu-kwiecien-2024","status":"publish","type":"page","link":"https:\/\/wawkomp.szubin.net\/?page_id=1592","title":{"rendered":"Wygl\u0105d firmy przed wyd\u0142u\u017ceniem paczkomatu \u2013 kwiecie\u0144 2024"},"content":{"rendered":"\n<figure class=\"wp-block-gallery has-nested-images columns-2 is-cropped wp-block-gallery-1 is-layout-flex wp-block-gallery-is-layout-flex\">\n<figure class=\"wp-block-image size-full\"><a href=\"https:\/\/wawkomp.szubin.net\/wp-content\/uploads\/2021\/12\/image7-4.jpg\"><img loading=\"lazy\" decoding=\"async\" width=\"900\" height=\"506\" data-id=\"1418\" src=\"https:\/\/wawkomp.szubin.net\/wp-content\/uploads\/2021\/12\/image7-4.jpg\" alt=\"\" class=\"wp-image-1418\" srcset=\"https:\/\/wawkomp.szubin.net\/wp-content\/uploads\/2021\/12\/image7-4.jpg 900w, https:\/\/wawkomp.szubin.net\/wp-content\/uploads\/2021\/12\/image7-4-300x169.jpg 300w, https:\/\/wawkomp.szubin.net\/wp-content\/uploads\/2021\/12\/image7-4-768x432.jpg 768w\" sizes=\"auto, (max-width: 900px) 100vw, 900px\" \/><\/a><\/figure>\n\n\n\n<figure class=\"wp-block-image size-full\"><a href=\"https:\/\/wawkomp.szubin.net\/wp-content\/uploads\/2021\/12\/image5-4.jpg\"><img loading=\"lazy\" decoding=\"async\" width=\"900\" height=\"506\" data-id=\"1417\" src=\"https:\/\/wawkomp.szubin.net\/wp-content\/uploads\/2021\/12\/image5-4.jpg\" alt=\"\" class=\"wp-image-1417\" srcset=\"https:\/\/wawkomp.szubin.net\/wp-content\/uploads\/2021\/12\/image5-4.jpg 900w, https:\/\/wawkomp.szubin.net\/wp-content\/uploads\/2021\/12\/image5-4-300x169.jpg 300w, https:\/\/wawkomp.szubin.net\/wp-content\/uploads\/2021\/12\/image5-4-768x432.jpg 768w\" sizes=\"auto, (max-width: 900px) 100vw, 900px\" \/><\/a><\/figure>\n\n\n\n<figure class=\"wp-block-image size-full\"><a href=\"https:\/\/wawkomp.szubin.net\/wp-content\/uploads\/2021\/12\/image4-3.jpg\"><img loading=\"lazy\" decoding=\"async\" width=\"900\" height=\"506\" data-id=\"1416\" src=\"https:\/\/wawkomp.szubin.net\/wp-content\/uploads\/2021\/12\/image4-3.jpg\" alt=\"\" class=\"wp-image-1416\" srcset=\"https:\/\/wawkomp.szubin.net\/wp-content\/uploads\/2021\/12\/image4-3.jpg 900w, https:\/\/wawkomp.szubin.net\/wp-content\/uploads\/2021\/12\/image4-3-300x169.jpg 300w, https:\/\/wawkomp.szubin.net\/wp-content\/uploads\/2021\/12\/image4-3-768x432.jpg 768w\" sizes=\"auto, (max-width: 900px) 100vw, 900px\" \/><\/a><\/figure>\n\n\n\n<figure class=\"wp-block-image size-full\"><a href=\"https:\/\/wawkomp.szubin.net\/wp-content\/uploads\/2021\/12\/image3-4.jpg\"><img loading=\"lazy\" decoding=\"async\" width=\"900\" height=\"506\" data-id=\"1415\" src=\"https:\/\/wawkomp.szubin.net\/wp-content\/uploads\/2021\/12\/image3-4.jpg\" alt=\"\" class=\"wp-image-1415\" srcset=\"https:\/\/wawkomp.szubin.net\/wp-content\/uploads\/2021\/12\/image3-4.jpg 900w, https:\/\/wawkomp.szubin.net\/wp-content\/uploads\/2021\/12\/image3-4-300x169.jpg 300w, https:\/\/wawkomp.szubin.net\/wp-content\/uploads\/2021\/12\/image3-4-768x432.jpg 768w\" sizes=\"auto, (max-width: 900px) 100vw, 900px\" \/><\/a><\/figure>\n<\/figure>\n\n\n\n<p><\/p>\n","protected":false},"excerpt":{"rendered":"","protected":false},"author":1,"featured_media":0,"parent":0,"menu_order":0,"comment_status":"closed","ping_status":"closed","template":"","meta":{"footnotes":""},"class_list":["post-1592","page","type-page","status-publish","hentry"],"_links":{"self":[{"href":"https:\/\/wawkomp.szubin.net\/index.php?rest_route=\/wp\/v2\/pages\/1592","targetHints":{"allow":["GET"]}}],"collection":[{"href":"https:\/\/wawkomp.szubin.net\/index.php?rest_route=\/wp\/v2\/pages"}],"about":[{"href":"https:\/\/wawkomp.szubin.net\/index.php?rest_route=\/wp\/v2\/types\/page"}],"author":[{"embeddable":true,"href":"https:\/\/wawkomp.szubin.net\/index.php?rest_route=\/wp\/v2\/users\/1"}],"replies":[{"embeddable":true,"href":"https:\/\/wawkomp.szubin.net\/index.php?rest_route=%2Fwp%2Fv2%2Fcomments&post=1592"}],"version-history":[{"count":2,"href":"https:\/\/wawkomp.szubin.net\/index.php?rest_route=\/wp\/v2\/pages\/1592\/revisions"}],"predecessor-version":[{"id":1595,"href":"https:\/\/wawkomp.szubin.net\/index.php?rest_route=\/wp\/v2\/pages\/1592\/revisions\/1595"}],"wp:attachment":[{"href":"https:\/\/wawkomp.szubin.net\/index.php?rest_route=%2Fwp%2Fv2%2Fmedia&parent=1592"}],"curies":[{"name":"wp","href":"https:\/\/api.w.org\/{rel}","templated":true}]}}